{"id":10,"date":"2012-06-19T01:54:55","date_gmt":"2012-06-19T01:54:55","guid":{"rendered":"http:\/\/confederacionhipicadelcaribe.org\/?page_id=10"},"modified":"2013-11-21T04:43:48","modified_gmt":"2013-11-21T04:43:48","slug":"mapa-del-sitio","status":"publish","type":"page","link":"https:\/\/confederacionhipicadelcaribe.org\/?page_id=10","title":{"rendered":"|   Mapa del Sitio   |"},"content":{"rendered":"<ul>\n<li><strong><a href=\"http:\/\/confederacionhipicadelcaribe.org\/?page_id=6\">La Confederaci\u00f3n<\/a><\/strong><\/li>\n<ul>\n<li><a href=\"http:\/\/confederacionhipicadelcaribe.org\/?page_id=57\"><strong>Misi\u00f3n<\/strong><\/a><\/li>\n<li><a href=\"http:\/\/confederacionhipicadelcaribe.org\/?page_id=30\"><strong>Nuestra Historia<\/strong><\/a><\/li>\n<li><a href=\"http:\/\/confederacionhipicadelcaribe.org\/?page_id=59\"><strong>Junta Directiva<\/strong><\/a><\/li>\n<li><a href=\"http:\/\/confederacionhipicadelcaribe.org\/?page_id=28\"><strong>Galer\u00eda de Presidentes<\/strong><\/a><\/li>\n<li><a href=\"http:\/\/confederacionhipicadelcaribe.org\/?page_id=26\"><strong>Estatutos y Reglamentos<\/strong><\/a><\/li>\n<\/ul>\n<li><strong><a href=\"http:\/\/confederacionhipicadelcaribe.org\/?page_id=4\">Serie H\u00edpica del Caribe<\/a><\/strong><\/li>\n<ul>\n<li><a href=\"http:\/\/confederacionhipicadelcaribe.org\/?page_id=14\"><strong>Cl\u00e1sico Internacional del Caribe<\/strong><\/a><\/li>\n<li><a href=\"http:\/\/confederacionhipicadelcaribe.org\/?page_id=16\"><strong>Copa Confraternidad<\/strong><\/a><\/li>\n<li><a href=\"http:\/\/confederacionhipicadelcaribe.org\/?page_id=18\"><strong>Copa Dama del Caribe<\/strong><\/a><\/li>\n<li><a href=\"http:\/\/confederacionhipicadelcaribe.org\/?page_id=20\"><strong>Copa Velocidad del Caribe<\/strong><\/a><\/li>\n<li><a href=\"http:\/\/confederacionhipicadelcaribe.org\/?page_id=63\"><strong>Copa Invitacional<\/strong><\/a><\/li>\n<li><a href=\"http:\/\/confederacionhipicadelcaribe.org\/?page_id=72\"><strong>Jockey Challenge<\/strong><\/a><\/li>\n<li><a href=\"http:\/\/confederacionhipicadelcaribe.org\/?page_id=76\"><strong>Ediciones Anteriores<\/strong><\/a><\/li>\n<li><a href=\"http:\/\/confederacionhipicadelcaribe.org\/?page_id=78\"><strong>Historial de Ganadores<\/strong><\/a><\/li>\n<\/ul>\n<li><strong><a href=\"http:\/\/confederacionhipicadelcaribe.org\/?page_id=2\">Sal\u00f3n de la Fama<\/a><\/strong><\/li>\n<li><strong><a href=\"http:\/\/confederacionhipicadelcaribe.org\/?page_id=91\">Publicaciones<\/a><\/strong><\/li>\n<li><strong><a href=\"http:\/\/confederacionhipicadelcaribe.org\/?page_id=8\">Links<\/a><\/strong><\/li>\n<li><strong><a href=\"http:\/\/confederacionhipicadelcaribe.org\/?page_id=53\">Contacto<\/a><\/strong><\/li>\n<\/ul>\n<p>&nbsp;<\/p>\n<p>&nbsp;<\/p>\n<p>&nbsp;<\/p>\n<p>&nbsp;<\/p>\n<p>&nbsp;<\/p>\n<p>&nbsp;<\/p>\n<p>&nbsp;<\/p>\n<p>&nbsp;<\/p>\n","protected":false},"excerpt":{"rendered":"<p>La Confederaci\u00f3n Misi\u00f3n Nuestra Historia Junta Directiva Galer\u00eda de Presidentes Estatutos y Reglamentos Serie H\u00edpica del Caribe Cl\u00e1sico Internacional del Caribe Copa Confraternidad Copa Dama del Caribe Copa Velocidad del Caribe Copa Invitacional Jockey Challenge Ediciones Anteriores Historial de Ganadores &hellip; <a href=\"https:\/\/confederacionhipicadelcaribe.org\/?page_id=10\">Sigue leyendo <span class=\"meta-nav\">&rarr;<\/span><\/a><\/p>\n","protected":false},"author":1,"featured_media":0,"parent":0,"menu_order":0,"comment_status":"closed","ping_status":"closed","template":"","meta":{"footnotes":""},"class_list":["post-10","page","type-page","status-publish","hentry"],"_links":{"self":[{"href":"https:\/\/confederacionhipicadelcaribe.org\/index.php?rest_route=\/wp\/v2\/pages\/10","targetHints":{"allow":["GET"]}}],"collection":[{"href":"https:\/\/confederacionhipicadelcaribe.org\/index.php?rest_route=\/wp\/v2\/pages"}],"about":[{"href":"https:\/\/confederacionhipicadelcaribe.org\/index.php?rest_route=\/wp\/v2\/types\/page"}],"author":[{"embeddable":true,"href":"https:\/\/confederacionhipicadelcaribe.org\/index.php?rest_route=\/wp\/v2\/users\/1"}],"replies":[{"embeddable":true,"href":"https:\/\/confederacionhipicadelcaribe.org\/index.php?rest_route=%2Fwp%2Fv2%2Fcomments&post=10"}],"version-history":[{"count":16,"href":"https:\/\/confederacionhipicadelcaribe.org\/index.php?rest_route=\/wp\/v2\/pages\/10\/revisions"}],"predecessor-version":[{"id":753,"href":"https:\/\/confederacionhipicadelcaribe.org\/index.php?rest_route=\/wp\/v2\/pages\/10\/revisions\/753"}],"wp:attachment":[{"href":"https:\/\/confederacionhipicadelcaribe.org\/index.php?rest_route=%2Fwp%2Fv2%2Fmedia&parent=10"}],"curies":[{"name":"wp","href":"https:\/\/api.w.org\/{rel}","templated":true}]}}