{"id":6,"date":"2012-06-19T01:53:17","date_gmt":"2012-06-19T01:53:17","guid":{"rendered":"http:\/\/confederacionhipicadelcaribe.org\/?page_id=6"},"modified":"2023-07-24T15:59:07","modified_gmt":"2023-07-24T15:59:07","slug":"la-confederacion","status":"publish","type":"page","link":"https:\/\/confederacionhipicadelcaribe.org\/?page_id=6","title":{"rendered":"|    La Confederaci\u00f3n   |"},"content":{"rendered":"<p>| <strong><a title=\"Misi\u00f3n\" href=\"http:\/\/confederacionhipicadelcaribe.org\/?page_id=57\">Misi\u00f3n<\/a><\/strong> | <strong><a title=\"Nuestra historia\" href=\"http:\/\/confederacionhipicadelcaribe.org\/?page_id=30\">Nuestra Historia<\/a><\/strong> | <strong><a title=\"Junta Directiva actual\" href=\"http:\/\/confederacionhipicadelcaribe.org\/?page_id=59\">Junta Directiva<\/a><\/strong> | <strong><a title=\"Galer\u00eda de Presidentes\" href=\"http:\/\/confederacionhipicadelcaribe.org\/?page_id=28\">Galer\u00eda de Presidentes<\/a><\/strong> |<\/p>\n<p>La Confederaci\u00f3n H\u00edpica del Caribe se constituy\u00f3 como una corporaci\u00f3n sin fines de lucro, por tiempo indefinido, el 30 de noviembre de 1974, en la ciudad de San Juan, Puerto Rico.<\/p>\n<p style=\"text-align: justify;\">Para su funcionamiento se establecieron tres clases de miembros:<\/p>\n<p><strong>a. <\/strong><strong>Miembros Regulares<br \/>\n<\/strong><\/p>\n<ul>\n<li>Jamaica<\/li>\n<li>M\u00e9jico<\/li>\n<li>Panam\u00e1<\/li>\n<li>Puerto Rico<\/li>\n<li>Rep\u00fablica Dominicana<\/li>\n<li>Trinidad &amp; Tobago<\/li>\n<li>Venezuela<\/li>\n<\/ul>\n<p style=\"text-align: justify;\"><strong>b. Miembros Especiales<\/strong>: Ser\u00e1n aquellos que previa solicitud escrita dirigida a la Asamblea y aprobada por \u00e9sta, podr\u00e1n pagar una cuota anual diferente a la normal de acuerdo a 16 estipulado en el art\u00edculo 24.<\/p>\n<p><strong>c. Miembros Honorarios<\/strong><\/p>\n<ul>\n<li>Colombia<\/li>\n<li>Ecuador<\/li>\n<\/ul>\n<p style=\"text-align: justify;\">Finalmente, la <em>Serie H\u00edpica del Caribe<\/em> se ha constituido en un importante evento organizado por nuestra instituci\u00f3n, en el que se resume nuestra misi\u00f3n y raz\u00f3n de ser. A trav\u00e9s de dicho evento conseguimos promover el acercamiento y la amistad de los pueblos de aquellos pa\u00edses que practican en alguna forma el deporte h\u00edpico.<\/p>\n","protected":false},"excerpt":{"rendered":"<p>| Misi\u00f3n | Nuestra Historia | Junta Directiva | Galer\u00eda de Presidentes | La Confederaci\u00f3n H\u00edpica del Caribe se constituy\u00f3 como una corporaci\u00f3n sin fines de lucro, por tiempo indefinido, el 30 de noviembre de 1974, en la ciudad de &hellip; <a href=\"https:\/\/confederacionhipicadelcaribe.org\/?page_id=6\">Sigue leyendo <span class=\"meta-nav\">&rarr;<\/span><\/a><\/p>\n","protected":false},"author":1,"featured_media":0,"parent":0,"menu_order":0,"comment_status":"closed","ping_status":"closed","template":"","meta":{"footnotes":""},"class_list":["post-6","page","type-page","status-publish","hentry"],"_links":{"self":[{"href":"https:\/\/confederacionhipicadelcaribe.org\/index.php?rest_route=\/wp\/v2\/pages\/6","targetHints":{"allow":["GET"]}}],"collection":[{"href":"https:\/\/confederacionhipicadelcaribe.org\/index.php?rest_route=\/wp\/v2\/pages"}],"about":[{"href":"https:\/\/confederacionhipicadelcaribe.org\/index.php?rest_route=\/wp\/v2\/types\/page"}],"author":[{"embeddable":true,"href":"https:\/\/confederacionhipicadelcaribe.org\/index.php?rest_route=\/wp\/v2\/users\/1"}],"replies":[{"embeddable":true,"href":"https:\/\/confederacionhipicadelcaribe.org\/index.php?rest_route=%2Fwp%2Fv2%2Fcomments&post=6"}],"version-history":[{"count":17,"href":"https:\/\/confederacionhipicadelcaribe.org\/index.php?rest_route=\/wp\/v2\/pages\/6\/revisions"}],"predecessor-version":[{"id":2173,"href":"https:\/\/confederacionhipicadelcaribe.org\/index.php?rest_route=\/wp\/v2\/pages\/6\/revisions\/2173"}],"wp:attachment":[{"href":"https:\/\/confederacionhipicadelcaribe.org\/index.php?rest_route=%2Fwp%2Fv2%2Fmedia&parent=6"}],"curies":[{"name":"wp","href":"https:\/\/api.w.org\/{rel}","templated":true}]}}